- a5?
-a8
In base 3, what is 122 + -2?
120
In base 8, what is 11404 + 5?
11411
In base 2, what is 1 + -1010000001?
-1010000000
In base 8, what is 42 + -26?
14
In base 2, what is -1000 - 11010011?
-11011011
In base 10, what is -71 - 54?
-125
In base 8, what is -24 + -20?
-44
In base 15, what is -4 - 6d?
-72
In base 2, what is -10000111 + -110?
-10001101
In base 3, what is -2001 - 0?
-2001
In base 8, what is -710 - 2?
-712
In base 8, what is 24 - -6?
32
In base 15, what is -10c + 5?
-107
In base 11, what is 1 + 15a4?
15a5
In base 2, what is -11 + -1100001?
-1100100
In base 5, what is -1 - 3020?
-3021
In base 7, what is -41 + -14?
-55
In base 8, what is 0 - 72?
-72
In base 8, what is 333 + -2?
331
In base 8, what is -11 + -3745?
-3756
In base 14, what is 143 + 8?
14b
In base 12, what is 11 + -164?
-153
In base 9, what is -4 + 164?
160
In base 5, what is 10 + -204142?
-204132
In base 10, what is 320 + 0?
320
In base 9, what is 641 + 7?
648
In base 3, what is -110 - 10110?
-10220
In base 12, what is -2 + 245?
243
In base 16, what is -d5 + -60?
-135
In base 14, what is -597 - 2?
-599
In base 6, what is 2534 - 31?
2503
In base 7, what is -156 + 132?
-24
In base 9, what is -248 - -2?
-246
In base 14, what is -1 + 13?
12
In base 11, what is 424 - -1?
425
In base 6, what is 21341 + 3?
21344
In base 5, what is 2 - 2001?
-1444
In base 10, what is 18 - -9?
27
In base 5, what is 10341 + -3?
10333
In base 16, what is -58 - -10?
-48
In base 6, what is -2 + -245?
-251
In base 14, what is 1 - 190?
-18d
In base 8, what is -4 - 66?
-72
In base 2, what is -101000100 - 101?
-101001001
In base 5, what is -1422 + 3?
-1414
In base 12, what is -5 - -17?
12
In base 12, what is -8 - -38?
30
In base 11, what is -31 + 11?
-20
In base 10, what is 118 + 3?
121
In base 9, what is -1 + -12?
-13
In base 4, what is 0 - 10213?
-10213
In base 14, what is c + -6?
6
In base 6, what is 1 + 20201?
20202
In base 5, what is -4343 - 1?
-4344
In base 9, what is 1458 + 10?
1468
In base 11, what is 1 - 2a86?
-2a85
In base 14, what is 70 - a?
64
In base 5, what is -2032 - 0?
-2032
In base 15, what is -4ee - -5?
-4e9
In base 8, what is -751 + 2?
-747
In base 9, what is -24 - -12?
-12
In base 7, what is -2 + 23614?
23612
In base 15, what is 918 + -4?
914
In base 15, what is -15 + 33?
1d
In base 6, what is 0 + 1?
1
In base 6, what is 553 - -2?
555
In base 12, what is -2 + 232?
230
In base 2, what is -11100 - -110?
-10110
In base 7, what is 4 - -542?
546
In base 8, what is -2 - -66?
64
In base 6, what is -24 + -10?
-34
In base 4, what is -2001 + -10?
-2011
In base 8, what is -4 - -72?
66
In base 14, what is 948 + -5?
943
In base 8, what is 0 + -21513?
-21513
In base 16, what is b5d - 2?
b5b
In base 7, what is 4201 + 6?
4210
In base 14, what is -1 - 1582?
-1583
In base 3, what is -11 + -20001?
-20012
In base 11, what is 4 - 1?
3
In base 15, what is -5 + -11?
-16
In base 12, what is -9 - b9?
-106
In base 7, what is -23041 + 2?
-23036
In base 13, what is 1 + a7?
a8
In base 11, what is 18 + -56?
-39
In base 16, what is 27 - -7?
2e
In base 4, what is 11 + 211030?
211101
In base 10, what is 3 + -70?
-67
In base 8, what is 6 + -541?
-533
In base 16, what is 2 - -224?
226
In base 6, what is 11 + 553?
1004
In base 3, what is -202 + 21?
-111
In base 6, what is 205130 + 2?
205132
In base 3, what is 22120 - 1?
22112
In base 8, what is -11 - 175?
-206
In base 6, what is 155 - -2?
201
In base 10, what is -49 - -242?
193
In base 7, what is 561 - 13?
545
In base 2, what is 10001 + 11100?
101101
In base 13, what is 1bc + -1?
1bb
In base 2, what is -110000 + -101101?
-1011101
In base 11, what is -5 - 6?
-10
In base 4, what is 10 + -1110?
-1100
In base 10, what is -6 - -486?
480
In base 10, what is -3 + -12?
-15
In base 4, what is -1201 + -12?
-1213
In base 13, what is 1 + -8b1?
-8b0
In base 16, what is 28 + 4b?
73
In base 16, what is 2 - -8a?
8c
In base 10, what is -44 - 3?
-47
In base 9, what is -8 - -561?
552
In base 8, what is -23 + 13?
-10
In base 10, what is -7 - 3874?
-3881
In base 16, what is -1 - -4?
3
In base 2, what is 1011110011 + -1001?
1011101010
In base 14, what is b + -648?
-63b
In base 4, what is 10 + -13122?
-13112
In base 4, what is 1033 + -11?
1022
In base 15, what is -26 - -15?
-11
In base 10, what is 7629 - -4?
7633
In base 13, what is -7 - 2?
-9
In base 3, what is 1110121011 - 12?
1110120222
In base 5, what is -44 - -2?
-42
In base 4, what is -1 - -132?
131
In base 6, what is 1444 + -4?
1440
In base 5, what is 131 - 4?
122
In base 11, what is -1a9 - -3?
-1a6
In base 8, what is -5 - 104?
-111
In base 2, what is -1100001010111 + 0?
-1100001010111
In base 13, what is 82a - -4?
831
In base 5, what is 24 + 0?
24
In base 11, what is -8 + -876?
-883
In base 15, what is -63 - 14?
-77
In base 7, what is -25 + 324?
266
In base 9, what is -110237 + 2?
-110235
In base 6, what is 1012 - -4?
1020
In base 7, what is -3 + 410?
404
In base 14, what is -1 + 89?
88
In base 11, what is -2 - 101?
-103
In base 13, what is 1 - 252?
-251
In base 6, what is -3 - -12?
5
In base 10, what is 5 + 218?
223
In base 5, what is 0 - -13324?
13324
In base 11, what is 49 - -22?
70
In base 3, what is -121000 + -21?
-121021
In base 12, what is 2 - b1?
-ab
In base 3, what is 220 + -212012?
-211022
In base 10, what is 30 + 4?
34
In base 11, what is -4 - 5596?
-559a
In base 14, what is -173 + 1?
-172
In base 11, what is -3 + -10a?
-112
In base 14, what is -4b + -3?
-50
In base 8, what is -746 + -5?
-753
In base 9, what is 55 + -173?
-117
In base 13, what is 1115a + -2?
11158
In base 6, what is 11 + -405?
-354
In base 15, what is 12 - ab?
-99
In base 6, what is -2302 + 1?
-2301
In base 9, what is 4 + 776?
781
In base 15, what is -4 - 3ca?
-3ce
In base 5, what is 414 + -12?
402
In base 11, what is -145 + -2?
-147
In base 14, what is -1cd - -3?
-1ca
In base 14, what is -6 + 18?
12
In base 9, what is -682 - -3?
-678
In base 13, what is ba + -15?
a5
In base 15, what is -427 + 2?
-425
In base 8, what is 0 - -2545?
2545
In base 9, what is -521 + -4?
-525
In base 3, what is -100002 + -11?
-100020
In base 6, what is 41 + -15?
22
In base 9, what is -3275 + 3?
-3272
In base 2, what is 11 + 10001?
10100
In base 15, what is 14 + -18?
-4
In base 3, what is 1002 + -12002?
-11000
In base 14, what is 0 + a86?
a86
In base 8, what is -7527 - 2?
-7531
In base 13, what is -9 - -36?
2a
In base 11, what is -5560 + 3?
-5558
In base 5, what is -134 - -31?
-103
In base 14, what is -3 + 4b?
48
In base 11, what is 2 + -122?
-120
In base 15, what is -4 + 55?
51
In base 9, what is 33 + 7?
41
In base 3, what is 1102011 + 10?
1102021
In base 11, what is 5 + -1559?
-1554
In base 13, what is 6 - 51?
-48
In base 10, what is -4 - 530?
-534
In base 2, what is -11 + 10?
-1
In base 11, what is 3 - 1439?
-1436
In base 5, what is -3101 - 2?
-3103
In base 5, what is 3 + -3223?
-3220
In base 13, what is 2503 + 2?
2505
In base 13, what is 26 + -3?
23
In base 5, what is 23 + 32?
110
In base 9, what is 0 + -8653?
-8653
In base 8, what is 122 + -120?
2
In base 5, what is -431 - 4?
-440
In base 8, what is -30 - -4?
-24
In base 11, what is 1092 - -13?
10a5
In base 15, what is 15e - 0?
15e
In base 4, what is 11 - 103120?
-103103
In base 15, what is 3 - 2d?
-2a
In base 3, what is 2 + -1100?
-1021
In base 5, what is -3111 + 10?
-3101
In base 16, what is 6 - -285?
28b
In base 16, what is -1 - d7?
-d8
In base 14, what is 1c - -221?
23d
In base 6, what is 105 - 1501?
-1352
In base 8, what is -2 - 17?
-21
In base 12, what is -12 - 3aa?
-400
In base 3, what is 112220200 + -10?
112220120
In base 16, what is -5 + 3?
-2
In base 11, what is -2 + 2a3?
2a1
In base 7, what is -561 + -5?
-566
In base 15, what is 0 - 35?
-35
In base 5, what is -1 + -1143?
-1144
In base 15, what is 0 + -1d8?
-1d8
In base 8, what is 2405 - 3?
2402
In base 9, what is 553 + 5?
558
In base 16, what is -9c0 - 2?
-9c2
In base 4, what is -133 + 1?
-132
In base 5, what is -23 + -4204?
-4232
In base 2, what is -10 - -1111011?
1111001
In base 2, what is -101111000 - 111?
-101111111
In base 6, what is 3442 - 10?
3432
In base 15, what is -20 - 19?
-39
In base 12, what is -4 - -661?
659
In base 13, what is 4 - 11?
-a
In base 13, what is -3a94 - 4?
-3a98
In base 3, what is -20 - -1012?
222
In base 13, what is -775 + 5?
-77